o**2 + 6*o - 6. Let z be r(4). Calculate l(z).
6
Suppose 0 = -o - s + 7, 5*s - 11 = -748*o + 749*o. Let q(d) = -10*d**2 + 38*d + 12. Calculate q(o).
4
Suppose x = 5*o + 118, 3*x + 7*o - 8*o - 326 = 0. Suppose -x = -12*h - 120. Let w(i) = 11*i. Give w(h).
-11
Let a(v) = v**3 + 8*v**2 + v + 1. Let n be a(-8). Let o(g) be the third derivative of -g**4/12 - g**3/3 + 74*g**2 + 1. Calculate o(n).
12
Suppose 0 = 2*f - 22 - 12. Suppose f*j = 23*j + 42. Let p(z) = -2 + 2 + z**2 - 7 + 5*z. What is p(j)?
7
Suppose 0 = -4*q + 2*q + 10. Suppose -7 = 3*d + 3*f + 8, -q*d + 4*f - 16 = 0. Let i(g) = g**3 + 3*g**2 - 3*g. Determine i(d).
-4
Suppose 5*m = -5*s - 15, -2*m - 2 = -2*s + 4. Suppose -6 = 2*f - 0*f - 4*v, 0 = 3*f + v - 12. Let i(u) = u + 2 + 1 + f. Determine i(s).
6
Let r(s) = 8*s**3 + 2*s**2 + s - 14. Let q(j) = -17*j**3 - 7*j**2 - 2*j + 29. Let x(m) = 6*q(m) + 13*r(m). Determine x(8).
0
Let u(i) = -i**3 - 8*i**2 + 10*i + 7. Suppose 0 = 4*m + m + v + 89, -46 = 2*m + 3*v. Let f(k) = k**3 + 20*k**2 + 51*k - 9. Let q be f(m). Give u(q).
-2
Let a(l) = 2*l + 27. Let k(h) = -h - 13. Suppose 12*i - 18 = 9*i. Let y(j) = i*a(j) + 13*k(j). Let v be y(-4). Let r(g) = -g**2 + 3. What is r(v)?
-6
Let g(w) be the third derivative of 0*w - 1/6*w**3 - 1/12*w**4 - 15 + 5*w**2 - 1/60*w**5. Determine g(-2).
-1
Let q(m) = -3*m**2 + 45*m + 6. Let u be q(15). Let w(s) = s + 3*s**3 + 9*s**2 - u*s**2 - 6*s**2. Determine w(2).
14
Let n(m) = -20*m**2 - 1. Suppose 0 = -40*s + 44*s + 4, 2*w = -2*s. Determine n(w).
-21
Let p(l) = 1 - 15 - 73*l + 64*l - 6*l. Determine p(-4).
46
Let y(s) = s + 4. Let i be y(2). Let c(q) = -2*q - 17. Suppose -9 = 8*t - 25. Let r(j) = j + 16. Let f(v) = t*c(v) + 3*r(v). Give f(i).
8
Let p(f) be the second derivative of -f**4/4 + f**3/2 + 9*f**2/2 - 2*f + 29. Give p(-4).
-51
Let c = -28 + 16. Let k(z) = -18*z**3 - 55*z**2 + 117*z + 49. Let x(l) = -11*l**3 - 33*l**2 + 71*l + 29. Let i(y) = 8*k(y) - 13*x(y). Determine i(c).
3
Let b(t) = 3*t**2 + 2*t + 1. Let x be b(-2). Suppose 3*l - x = -3. Let s(v) = 10*v**2 + 2 - v**3 + l*v**3 - 4 - 3*v**2. Give s(-7).
-2
Suppose l = -2*l + 3. Let g(c) = -34*c + 75*c + 1 - 40*c. Let u(k) = k**2 + 2*k + 3. Let x(j) = -2*g(j) + u(j). Give x(l).
2
Suppose -121*y - 417*y - 4732 = -428. Let p(c) be the first derivative of -c**4/4 - 3*c**3 - 7*c**2/2 - 10*c - 1. Calculate p(y).
-18
Let y(c) = 20*c**3 - 9*c**2 + 12*c + 47. Let a(u) = -17*u**3 + 8*u**2 - 11*u - 41. Let h(z) = -7*a(z) - 6*y(z). Determine h(-3).
-1
Let d(q) = q**2 + 20*q + 94. Suppose -203*t = 1414 + 7. What is d(t)?
3
Let o(i) = -i**3 - i + 1. Let y(j) = -4*j**3 + 9*j**2 + j - 4. Let a(g) = 5*o(g) - y(g). Let p(u) = 462*u - 2779. Let v be p(6). Give a(v).
-47
Suppose 2380*l = 2671*l - 873. Let j(i) = 3 - 2*i + 2*i**3 + 7*i**2 - i - 3*i**3. Calculate j(l).
30
Let l(z) be the second derivative of -z**5/60 - z**4/4 + z**3 + 18*z**2 - 30*z. Let p(c) be the first derivative of l(c). Determine p(-7).
-1
Let f(u) = -u**3 + 4*u**2 - 2*u + 1. Let q be 4*(0 + 4 + -5 + 3). Let o(v) = -3*v + 26. Let h be o(q). Calculate f(h).
5
Let m(d) = -d**3 + 9*d**2 - 5*d - 18. Let g be (-20)/270*-105 - 2/(-9). Let i be m(g). Let y(r) = -2*r**2 + 13*r - 3. Give y(i).
3
Let q(a) be the third derivative of a**5/30 + 19*a**4/12 - 7*a**3/3 + 3357*a**2 + a. Give q(-20).
26
Let x(y) = y - 113. Let r = -4655 - -4655. Calculate x(r).
-113
Suppose -4*w = 3*n - 2, 3*w = -3*n + n + 2. Suppose 4*g - 2*x = w*x + 32, 2*x = -4. Suppose -g = f - 9. Let j(r) = -6*r + 4. Determine j(f).
-14
Let r(u) = 7*u**2 - 45*u - 21. Let f be r(14). Let v = -716 + f. Let b(z) = 5*z**2 - 10*z + 3. Let h(q) = -q**2 + q - 1. Let n(d) = b(d) + 4*h(d). Give n(v).
-6
Let c be (-33)/(-66) - (-2)/(-4). Suppose -u + 483 - 491 = c. Let b(o) be the first derivative of -o**3/3 - 4*o**2 + 5*o - 1. Determine b(u).
5
Let d(r) = 26*r - 22. Let i(s) = 5*s - 34 - 38 + 73. Let l(f) = d(f) - 5*i(f). Calculate l(0).
-27
Let y(s) = s**3 + 23*s**2 + s + 23. Let p(o) = 8*o + 75. Let g be p(-10). Let c(u) = 64*u + 297. Let x be c(g). What is y(x)?
0
Let k(n) be the second derivative of -n**2 + 43*n + 0 + 5/12*n**4 + 1/20*n**5 + 1/3*n**3. What is k(-5)?
-12
Suppose 3*a - 5 = 37. Let i be (13 - a)/((-2)/4). Let t(g) = 2*g - i + 1 + 2 - 6. What is t(8)?
11
Let c(g) = 38*g**2 + 155*g + 2. Let n(j) = -j**3 - 32*j**2 + 221*j + 38. Let a be n(6). Determine c(a).
-10
Let t be (-54)/(-36)*500/3. Let j(y) = 5 + 87*y + 78*y + 86*y - t*y. What is j(-5)?
0
Let r(j) = 7*j + 6. Let v = 94 - 30. Suppose 0 = -o + 3*y + 23 + 9, -5*y - v = -2*o. Suppose -5*h + m - o + 8 = 0, -4*h = -2*m + 24. Calculate r(h).
-22
Suppose 4*y + 4*a = 0, -10*y + 3 = -6*y + 5*a. Let t(d) be the second derivative of -d**3/6 - 2*d**2 - 5*d + 1. Determine t(y).
-1
Let r(y) = -9*y + 9. Let x(n) = 4*n - 5. Let s(l) = -3*r(l) - 5*x(l). Let o(c) = -2*c**2 + 33*c - 113. Let b be o(5). Determine s(b).
12
Let q(i) = 3*i**2 - i + 2. Suppose 17 = 2*t - 6*j + 9*j, 5*j = -4*t + 29. Let v(a) = -a**2 - 1. Let w(o) = t*q(o) + 2*v(o). Let f be 2 - 1/2*4. Give w(f).
0
Let k(g) = g**2 - 43*g + 7. Suppose 7*q - 243 = -243. Determine k(q).
7
Let w be -3 - (-2)/(-1)*-1. Let z(u) be the second derivative of u**4/12 - u**3/6 - 113*u**2 + 75*u - 2. Let k(p) be the first derivative of z(p). Give k(w).
-3
Let s(h) = 31*h - 55*h - 2 + 21*h - 2*h**2 + 4*h**3. Give s(-2).
-36
Suppose -61 - 155 = -12*c. Let i(o) = -o**3 + 18*o**2 + o - 11. Let w be i(c). Let h(j) = j**3 - 7*j**2 - j + 9. Calculate h(w).
2
Suppose 6*d + 52 = -7*d. Let t(x) = 5*x**3 - x**2 - 7*x + 4. Let w(f) = 9*f**3 - f**2 - 13*f + 9. Let i(p) = 7*t(p) - 4*w(p). What is i(d)?
-4
Let u be 1*-9 - 12/(-4). Let x(y) be the first derivative of -y**4/4 - 8*y**3/3 - 4*y**2 + 4*y + 17. What is x(u)?
-20
Suppose -13 = -5*t + 2*f, 0 = -0*t - t + 3*f. Let j be 123/82 + 1/2. Let z be (t*4/6)/j. Let u(k) = -3*k. Give u(z).
-3
Let c(t) = -2*t + 15. Let r(n) = -6*n + 60. Let y(p) = -7*c(p) + 2*r(p). Calculate y(-8).
-1
Let d(r) = -5*r**2 - 88*r - 29. Let s(q) = -4*q**2 - 75*q - 28. Let l(w) = 5*d(w) - 6*s(w). What is l(0)?
23
Let q(t) be the third derivative of -t**4/24 + t**3/3 - 52749*t**2. Suppose 0 = 2*l - 6*h + h - 28, 4*l - 30 = -3*h. Determine q(l).
-7
Let x(u) = -2*u**3 + 5*u**2 + 8*u - 62. Let g(m) = -m**3 + 5*m**2 + 7*m - 49. Let j(v) = 5*g(v) - 4*x(v). What is j(-2)?
-7
Let h be (1 - 64)*114/(-133). Let c = -52 + h. Let f(m) = -15*m**2 + 39*m**2 - 10*m**2 - 6*m**2 + 7*m + m**3 + c. Determine f(-7).
2
Let i(r) = 133 + 342*r + 333*r - 697*r. Give i(6).
1
Let k(f) = 11*f + 58. Let c(q) = -21*q - 101. Let v(r) = 4*c(r) + 7*k(r). Determine v(3).
-19
Let h(j) = 15*j - 13. Let m be h(3). Suppose 3*p + 2 = m. Let z(o) = -7*o**2 + 7*o - o**3 + 4*o - p*o - 2. Calculate z(-7).
-9
Suppose -3*o + 7*o - 12 = 0. Let z(t) = 23 - t - o - 2*t**2 - 24 + t**3. What is z(3)?
2
Suppose 59*v = 53*v. Let z be 1*(-5 + 7 + -1)*v. Let d(u) = -u + 10. Calculate d(z).
10
Let f(m) be the second derivative of m**4/12 + 13*m**3/3 + 123*m**2/2 - 76*m + 4. What is f(-20)?
3
Let r(j) = -4*j + 102. Let h = 2271 - 2245. Give r(h).
-2
Suppose -5*h = 2*f - 31, h - 11 = -514*f + 512*f. Let a(w) = 12*w - 53. Determine a(h).
7
Suppose -4*w + 28 = 4*j, -5*j + 3*w = -53 + 130. Let q(v) = 3*v + 5. Let k(i) = 16*i + 25. Let n(y) = 2*k(y) - 11*q(y). What is n(j)?
2
Let x = -6970 - -6964. Let w be 1/3 + (-5)/(-3). Let s(r) = -w*r**3 + 3*r + 3*r**3 - 2*r**3 - 6*r**2 + 2. Give s(x).
-16
Let k(g) = -g**3 + 6*g**2 + 31*g - 39. Suppose 938 + 832 - 537 = 137*i. Determine k(i).
-3
Suppose 14*l + 8 = 18*l. Let k(y) = 5 - 5 - y + l. Suppose -2*n + 2 = -5*u, -2*n + 4 = 3*u + 18. Give k(n).
6
Suppose 273 = -2*d + 15*d. Let y(v) = 3*v + 4*v - d + 14 - v**2 - 5*v. What is y(0)?
-7
Let d(s) be the second derivative of s**4/12 - s**3/3 + s. Suppose -107*p = -248 + 34. What is d(p)?
0
Let d(k) = 26*k + 13*k - 26*k + 13*k. Suppose -5*y + 13*c + 3 = 9*c, -2 = -2*y + 2*c. Calculate d(y).
-26
Let g(m) = m**2 - m. Let l(t) = t + 5. Let j be l(-4). Let r(n) = -1. Let a(b) = -3. Let i(z) = -a(z) + 4*r(z). Let w(s) = j*i(s) + 3*g(s). Determine w(3).
17
Suppose 2*u = -5*p - 3, 22 = -5*u + 20*p - 18*p. Let k(n) = 250*n + 1002. What is k(u)?
2
Let t(u) = 78*u**3 + u**2 + 11*u - 14. Let k(q) = 39*q**3 + q**2 + 6*q -